{"id":10,"date":"2026-03-16T16:21:33","date_gmt":"2026-03-16T16:21:33","guid":{"rendered":"https:\/\/tuumastatoimeksi.fi\/?page_id=10"},"modified":"2026-04-23T16:40:30","modified_gmt":"2026-04-23T16:40:30","slug":"tuumastatoimeksi-jarkko","status":"publish","type":"page","link":"https:\/\/tuumastatoimeksi.fi\/index.php\/tuumastatoimeksi-jarkko\/","title":{"rendered":"Jarkko &#8211; tekij\u00e4 palvelun takana"},"content":{"rendered":"\n<figure class=\"wp-block-image size-large\"><img loading=\"lazy\" decoding=\"async\" width=\"1024\" height=\"683\" src=\"https:\/\/tuumastatoimeksi.fi\/wp-content\/uploads\/2026\/04\/tuumasta-toimeksi-5525-1024x683.jpg\" alt=\"Kuva yritt\u00e4j\u00e4st\u00e4. Vaaleahiuksinen mies, jolla on silm\u00e4lasit. Taustalla n\u00e4kyy kaupunkimaisema.\" class=\"wp-image-179\" srcset=\"https:\/\/tuumastatoimeksi.fi\/wp-content\/uploads\/2026\/04\/tuumasta-toimeksi-5525-1024x683.jpg 1024w, https:\/\/tuumastatoimeksi.fi\/wp-content\/uploads\/2026\/04\/tuumasta-toimeksi-5525-300x200.jpg 300w, https:\/\/tuumastatoimeksi.fi\/wp-content\/uploads\/2026\/04\/tuumasta-toimeksi-5525-768x512.jpg 768w, https:\/\/tuumastatoimeksi.fi\/wp-content\/uploads\/2026\/04\/tuumasta-toimeksi-5525-1536x1024.jpg 1536w, https:\/\/tuumastatoimeksi.fi\/wp-content\/uploads\/2026\/04\/tuumasta-toimeksi-5525-2048x1365.jpg 2048w\" sizes=\"auto, (max-width: 767px) 89vw, (max-width: 1000px) 54vw, (max-width: 1071px) 543px, 580px\" \/><\/figure>\n\n\n\n<p>Olen Jarkko, k\u00e4yt\u00e4nn\u00f6nl\u00e4heinen tekij\u00e4 ja Tuumasta toimeksi -yrityksen perustaja.<\/p>\n\n\n\n<p>Olen valmistunut tietojenk\u00e4sittelyn tradenomiksi (AMK) ja suorittanut kone- ja metallialan perustutkinnon.  Olen ty\u00f6skennellyt IT-l\u00e4hitukihenkil\u00f6n\u00e4, tehnyt koneurakointia ja rakentanut kes\u00e4m\u00f6kin. Ty\u00f6ntekij\u00e4n\u00e4 olen aina hy\u00f6dynt\u00e4nyt vain yht\u00e4 osaamisalaani kerrallaan. Yritt\u00e4j\u00e4n\u00e4 olen luonut palvelun, jossa hy\u00f6dynn\u00e4n osaamiseni laaja-alaisuutta. Olen se yksi tekij\u00e4, joka ratkaisee kerralla monta ongelmaa.<\/p>\n\n\n\n<div class=\"wp-block-group is-nowrap is-layout-flex wp-container-core-group-is-layout-ad2f72ca wp-block-group-is-layout-flex\">\n<p>Toimin paikallisesti ja kohtaan jokaisen asiakkaan yksil\u00f6n\u00e4. Koti on henkil\u00f6kohtainen paikka, ja siksi teen ty\u00f6ni huolellisesti ja luottamusta kunnioittaen.<\/p>\n<\/div>\n","protected":false},"excerpt":{"rendered":"<p>Olen Jarkko, k\u00e4yt\u00e4nn\u00f6nl\u00e4heinen tekij\u00e4 ja Tuumasta toimeksi -yrityksen perustaja. Olen valmistunut tietojenk\u00e4sittelyn tradenomiksi (AMK) ja suorittanut kone- ja metallialan perustutkinnon. Olen ty\u00f6skennellyt IT-l\u00e4hitukihenkil\u00f6n\u00e4, tehnyt koneurakointia ja rakentanut kes\u00e4m\u00f6kin. Ty\u00f6ntekij\u00e4n\u00e4 olen aina hy\u00f6dynt\u00e4nyt vain yht\u00e4 osaamisalaani kerrallaan. Yritt\u00e4j\u00e4n\u00e4 olen luonut palvelun, jossa hy\u00f6dynn\u00e4n osaamiseni laaja-alaisuutta. Olen se yksi tekij\u00e4, joka ratkaisee kerralla monta ongelmaa. Toimin paikallisesti &hellip; <\/p>\n<p class=\"link-more\"><a href=\"https:\/\/tuumastatoimeksi.fi\/index.php\/tuumastatoimeksi-jarkko\/\" class=\"more-link\">Jatka lukemista<span class=\"screen-reader-text\"> &#8221;Jarkko &#8211; tekij\u00e4 palvelun takana&#8221;<\/span><\/a><\/p>\n","protected":false},"author":1,"featured_media":0,"parent":0,"menu_order":0,"comment_status":"closed","ping_status":"closed","template":"","meta":{"footnotes":""},"class_list":["post-10","page","type-page","status-publish","hentry"],"_links":{"self":[{"href":"https:\/\/tuumastatoimeksi.fi\/index.php\/wp-json\/wp\/v2\/pages\/10","targetHints":{"allow":["GET"]}}],"collection":[{"href":"https:\/\/tuumastatoimeksi.fi\/index.php\/wp-json\/wp\/v2\/pages"}],"about":[{"href":"https:\/\/tuumastatoimeksi.fi\/index.php\/wp-json\/wp\/v2\/types\/page"}],"author":[{"embeddable":true,"href":"https:\/\/tuumastatoimeksi.fi\/index.php\/wp-json\/wp\/v2\/users\/1"}],"replies":[{"embeddable":true,"href":"https:\/\/tuumastatoimeksi.fi\/index.php\/wp-json\/wp\/v2\/comments?post=10"}],"version-history":[{"count":10,"href":"https:\/\/tuumastatoimeksi.fi\/index.php\/wp-json\/wp\/v2\/pages\/10\/revisions"}],"predecessor-version":[{"id":180,"href":"https:\/\/tuumastatoimeksi.fi\/index.php\/wp-json\/wp\/v2\/pages\/10\/revisions\/180"}],"wp:attachment":[{"href":"https:\/\/tuumastatoimeksi.fi\/index.php\/wp-json\/wp\/v2\/media?parent=10"}],"curies":[{"name":"wp","href":"https:\/\/api.w.org\/{rel}","templated":true}]}}